{"id":19416,"date":"2025-10-23T13:55:11","date_gmt":"2025-10-23T13:55:11","guid":{"rendered":"https:\/\/paris.pan.pl\/?post_type=mec-events&#038;p=19416"},"modified":"2025-11-18T12:04:42","modified_gmt":"2025-11-18T12:04:42","slug":"explorateurs-polonais-du-nouveau-monde-et-des-iles-du-pacifique-predecesseurs-et-successeurs-de-sir-pawel-edmund-strzelecki-exhibition","status":"publish","type":"mec-events","link":"https:\/\/paris.pan.pl\/en\/events\/explorateurs-polonais-du-nouveau-monde-et-des-iles-du-pacifique-predecesseurs-et-successeurs-de-sir-pawel-edmund-strzelecki-exhibition\/","title":{"rendered":"Explorateurs polonais du Nouveau Monde et des \u00eeles du Pacifique : pr\u00e9d\u00e9cesseurs et successeurs de Sir Pawe\u0142 Edmund Strzelecki [EXHIBITION]"},"content":{"rendered":"<p>The exhibition <em>Explorateurs polonais du Nouveau Monde et des \u00celes du Pacifique: Pr\u00e9d\u00e9cesseurs et Successeurs de Sir Pawe\u0142 Edmund Strzelecki<\/em>\u00a0focuses on a unique and frequently overlooked chapter in Polish history, which is <strong>the involvement of Polish scientists, travellers, and explorers beyond the borders of Europe<\/strong>. Stimulated by their curiosity about the world, these individuals ventured to the newly discovered Pacific islands. They arrived in the region as members of geographical expeditions or as migrants, forced to leave Poland as a result of the partitions or political repression. However, what they all had in common was <strong>a desire to discover, understand and describe the world\u2019s remote corners<\/strong>.<\/p>\n<p>The exhibition explores the various profiles of these figures. It demonstrates how they perceived and analysed other cultures. Unlike the colonisers, many Polish scientists and travellers viewed the inhabitants of Oceania with openness and empathy, treating them as equals. They regarded them as individuals deserving of respect and careful observation, rather than as objects to be conquered. This makes their contribution to the study of local culture all the more valuable. The exhibition also illustrates how the Poles documented the daily lives, customs, languages and views of the peoples of the Pacific at a pivotal moment in history, on the threshold of rapid change resulting from contact with Western countries. It also reflects on Polish identity and Poland\u2019s place in the global legacy of geographical discovery. Despite not existing as a state in the nineteenth century, Poland&#8217;s citizens, scattered around the world, actively participated in the era&#8217;s intellectual and scientific processes.<\/p>\n<p>During the exhibition, the <strong>film <em>Polish Explorers of the New World and the Islands of the Pacific<\/em><\/strong>, commissioned by the Polish Ministry of Foreign Affairs in 2023, will also be screened.<\/p>\n\n\t\t<style type=\"text\/css\">\n\t\t\t#gallery-1 {\n\t\t\t\tmargin: auto;\n\t\t\t}\n\t\t\t#gallery-1 .gallery-item {\n\t\t\t\tfloat: left;\n\t\t\t\tmargin-top: 10px;\n\t\t\t\ttext-align: center;\n\t\t\t\twidth: 100%;\n\t\t\t}\n\t\t\t#gallery-1 img {\n\t\t\t\tborder: 2px solid #cfcfcf;\n\t\t\t}\n\t\t\t#gallery-1 .gallery-caption {\n\t\t\t\tmargin-left: 0;\n\t\t\t}\n\t\t\t\/* see gallery_shortcode() in wp-includes\/media.php *\/\n\t\t<\/style>\n\t\t<div id='gallery-1' class='gallery galleryid-19416 gallery-columns-1 gallery-size-large'><dl class='gallery-item'>\n\t\t\t<dt class='gallery-icon landscape'>\n\t\t\t\t<img loading=\"lazy\" decoding=\"async\" width=\"1024\" height=\"640\" src=\"https:\/\/paris.pan.pl\/wp-content\/uploads\/2025\/10\/AGENDA-Explorateurs-1024x640.png\" class=\"attachment-large size-large\" alt=\"\" srcset=\"https:\/\/paris.pan.pl\/wp-content\/uploads\/2025\/10\/AGENDA-Explorateurs-1024x640.png 1024w, https:\/\/paris.pan.pl\/wp-content\/uploads\/2025\/10\/AGENDA-Explorateurs-300x188.png 300w, https:\/\/paris.pan.pl\/wp-content\/uploads\/2025\/10\/AGENDA-Explorateurs-768x480.png 768w, https:\/\/paris.pan.pl\/wp-content\/uploads\/2025\/10\/AGENDA-Explorateurs-529x331.png 529w, https:\/\/paris.pan.pl\/wp-content\/uploads\/2025\/10\/AGENDA-Explorateurs-400x250.png 400w, https:\/\/paris.pan.pl\/wp-content\/uploads\/2025\/10\/AGENDA-Explorateurs.png 1080w\" sizes=\"auto, (max-width: 1024px) 100vw, 1024px\" \/>\n\t\t\t<\/dt><\/dl><br style=\"clear: both\" \/>\n\t\t<\/div>\n\n<p>&nbsp;<\/p>\n<p>The exhibition is organised and created by the Polish Branch of The Explorers Club. The Polish Academy of Sciences Scientific Center in Paris is a partner of the event.<\/p>\n<p>Task financed by the Ministry of Foreign Affairs of the Republic of Poland as part of the <em>Public Diplomacy 2023<\/em> grant.<\/p>\n<p>Due to the limited number of places,<strong> those interested in attending the event are invited to register by sending an email to <a href=\"secretariat@paris.pan.pl\">secretariat@paris.pan.pl<\/a> or by filling out the form: <a href=\"https:\/\/forms.office.com\/e\/AqTrvgrtb7\">https:\/\/forms.office.com\/e\/AqTrvgrtb7<\/a><\/strong><\/p>\n<p>The event will be held <strong>in French<\/strong>.<\/p>\n<p><strong>By\u00a0registering for the event, you accept the\u00a0<a href=\"https:\/\/paris.pan.pl\/wp-content\/uploads\/2025\/08\/Klauzule-EN.pdf\">rules for the processing of personal data<\/a>.<\/strong><\/p>\n","protected":false},"excerpt":{"rendered":"<p>The exhibition Explorateurs polonais du Nouveau Monde et des \u00celes du Pacifique: Pr\u00e9d\u00e9cesseurs et Successeurs de Sir Pawe\u0142 Edmund Strzelecki\u00a0focuses on a unique and frequently overlooked chapter in Polish history, which is the involvement of Polish scientists, travellers, and explorers beyond the borders of Europe. Stimulated by their curiosity about the world, these individuals ventured [&hellip;]<\/p>\n","protected":false},"author":65,"featured_media":19414,"comment_status":"closed","ping_status":"closed","template":"","tags":[],"mec_category":[],"class_list":["post-19416","mec-events","type-mec-events","status-publish","has-post-thumbnail","hentry"],"acf":[],"_links":{"self":[{"href":"https:\/\/paris.pan.pl\/en\/wp-json\/wp\/v2\/mec-events\/19416","targetHints":{"allow":["GET"]}}],"collection":[{"href":"https:\/\/paris.pan.pl\/en\/wp-json\/wp\/v2\/mec-events"}],"about":[{"href":"https:\/\/paris.pan.pl\/en\/wp-json\/wp\/v2\/types\/mec-events"}],"author":[{"embeddable":true,"href":"https:\/\/paris.pan.pl\/en\/wp-json\/wp\/v2\/users\/65"}],"replies":[{"embeddable":true,"href":"https:\/\/paris.pan.pl\/en\/wp-json\/wp\/v2\/comments?post=19416"}],"wp:featuredmedia":[{"embeddable":true,"href":"https:\/\/paris.pan.pl\/en\/wp-json\/wp\/v2\/media\/19414"}],"wp:attachment":[{"href":"https:\/\/paris.pan.pl\/en\/wp-json\/wp\/v2\/media?parent=19416"}],"wp:term":[{"taxonomy":"post_tag","embeddable":true,"href":"https:\/\/paris.pan.pl\/en\/wp-json\/wp\/v2\/tags?post=19416"},{"taxonomy":"mec_category","embeddable":true,"href":"https:\/\/paris.pan.pl\/en\/wp-json\/wp\/v2\/mec_category?post=19416"}],"curies":[{"name":"wp","href":"https:\/\/api.w.org\/{rel}","templated":true}]}}

Explorateurs polonais du Nouveau Monde et des îles du Pacifique : prédécesseurs et successeurs de Sir Paweł Edmund Strzelecki [EXHIBITION]

<p>The exhibition <em>Explorateurs polonais du Nouveau Monde et des Îles du Pacifique: Prédécesseurs et Successeurs de Sir Paweł Edmund Strzelecki</em> focuses on a unique and frequently overlooked chapter in Polish history, which is <strong>the involvement of Polish scientists, travellers, and explorers beyond the borders of Europe</strong>. Stimulated by their curiosity about the world, these individuals ventured to the newly discovered Pacific islands. They arrived in the region as members of geographical expeditions or as migrants, forced to leave Poland as a result of the partitions or political repression. However, what they all had in common was <strong>a desire to discover, understand and describe the world’s remote corners</strong>.</p>
<p>The exhibition explores the various profiles of these figures. It demonstrates how they perceived and analysed other cultures. Unlike the colonisers, many Polish scientists and travellers viewed the inhabitants of Oceania with openness and empathy, treating them as equals. They regarded them as individuals deserving of respect and careful observation, rather than as objects to be conquered. This makes their contribution to the study of local culture all the more valuable. The exhibition also illustrates how the Poles documented the daily lives, customs, languages and views of the peoples of the Pacific at a pivotal moment in history, on the threshold of rapid change resulting from contact with Western countries. It also reflects on Polish identity and Poland’s place in the global legacy of geographical discovery. Despite not existing as a state in the nineteenth century, Poland&#8217;s citizens, scattered around the world, actively participated in the era&#8217;s intellectual and scientific processes.</p>
<p>During the exhibition, the <strong>film <em>Polish Explorers of the New World and the Islands of the Pacific</em></strong>, commissioned by the Polish Ministry of Foreign Affairs in 2023, will also be screened.</p>

		<style type="text/css">
			#gallery-1 {
				margin: auto;
			}
			#gallery-1 .gallery-item {
				float: left;
				margin-top: 10px;
				text-align: center;
				width: 100%;
			}
			#gallery-1 img {
				border: 2px solid #cfcfcf;
			}
			#gallery-1 .gallery-caption {
				margin-left: 0;
			}
			/* see gallery_shortcode() in wp-includes/media.php */
		</style>
		<div id='gallery-1' class='gallery galleryid-19416 gallery-columns-1 gallery-size-large'><dl class='gallery-item'>
			<dt class='gallery-icon landscape'>
				<img loading="lazy" decoding="async" width="1024" height="640" src="https://paris.pan.pl/wp-content/uploads/2025/10/AGENDA-Explorateurs-1024x640.png" class="attachment-large size-large" alt="" srcset="https://paris.pan.pl/wp-content/uploads/2025/10/AGENDA-Explorateurs-1024x640.png 1024w, https://paris.pan.pl/wp-content/uploads/2025/10/AGENDA-Explorateurs-300x188.png 300w, https://paris.pan.pl/wp-content/uploads/2025/10/AGENDA-Explorateurs-768x480.png 768w, https://paris.pan.pl/wp-content/uploads/2025/10/AGENDA-Explorateurs-529x331.png 529w, https://paris.pan.pl/wp-content/uploads/2025/10/AGENDA-Explorateurs-400x250.png 400w, https://paris.pan.pl/wp-content/uploads/2025/10/AGENDA-Explorateurs.png 1080w" sizes="auto, (max-width: 1024px) 100vw, 1024px" />
			</dt></dl><br style="clear: both" />
		</div>

<p>&nbsp;</p>
<p>The exhibition is organised and created by the Polish Branch of The Explorers Club. The Polish Academy of Sciences Scientific Center in Paris is a partner of the event.</p>
<p>Task financed by the Ministry of Foreign Affairs of the Republic of Poland as part of the <em>Public Diplomacy 2023</em> grant.</p>
<p>Due to the limited number of places,<strong> those interested in attending the event are invited to register by sending an email to <a href="secretariat@paris.pan.pl">secretariat@paris.pan.pl</a> or by filling out the form: <a href="https://forms.office.com/e/AqTrvgrtb7">https://forms.office.com/e/AqTrvgrtb7</a></strong></p>
<p>The event will be held <strong>in French</strong>.</p>
<p><strong>By registering for the event, you accept the <a href="https://paris.pan.pl/wp-content/uploads/2025/08/Klauzule-EN.pdf">rules for the processing of personal data</a>.</strong></p>

<p>The exhibition Explorateurs polonais du Nouveau Monde et des Îles du Pacifique: Prédécesseurs et Successeurs de Sir Paweł Edmund Strzelecki focuses on a unique and frequently overlooked chapter in Polish history, which is the involvement of Polish scientists, travellers, and explorers beyond the borders of Europe. Stimulated by their curiosity about the world, these individuals ventured [&hellip;]</p>
