{"id":5268,"date":"2019-07-29T15:07:12","date_gmt":"2019-07-29T15:07:12","guid":{"rendered":"http:\/\/paris.pan.pl\/?post_type=mec-events&#038;p=5268"},"modified":"2019-07-29T15:07:12","modified_gmt":"2019-07-29T15:07:12","slug":"les-chemins-vers-lindependance-de-la-pologne-1914-1921","status":"publish","type":"mec-events","link":"https:\/\/paris.pan.pl\/en\/events\/les-chemins-vers-lindependance-de-la-pologne-1914-1921\/","title":{"rendered":"Les chemins vers l&#8217;ind\u00e9pendance de la Pologne 1914-1921"},"content":{"rendered":"<p>L&#8217;exposition retrace en 16 panneaux\u00a0 les principales \u00e9tapes\u00a0 du combat politique et militaire qui a permis aux Polonais\u00a0 de reconstruire un \u00c9tat ind\u00e9pendant \u00e0 la fin de la Premi\u00e8re Guerre Mondiale, en les inscrivant\u00a0 dans l&#8217;\u00e9volution de la situation militaire dans l&#8217;Europe en guerre, ainsi que dans l&#8217;histoire\u00a0 des relations entre les principaux \u00c9tats bellig\u00e9rants.<\/p>\n<p>R\u00e9alisation : Barbara Miechowka de la Communaut\u00e9 Franco-Polonaise et Hanna Zaworonko-Olejniczak\u00a0 de l&#8217;association Regards Multiples, avec les conseils scientifiques de Violetta Julkowka de l&#8217;Universit\u00e9 de Poznan.<\/p>\n<p>Visite de l&#8217;exposition sur rendez-vous secretariat@paris.pan.pl<\/p>\n","protected":false},"excerpt":{"rendered":"<p>L&#8217;exposition retrace en 16 panneaux\u00a0 les principales \u00e9tapes\u00a0 du combat politique et militaire qui a permis aux Polonais\u00a0 de reconstruire un \u00c9tat ind\u00e9pendant \u00e0 la fin de la Premi\u00e8re Guerre Mondiale, en les inscrivant\u00a0 dans l&#8217;\u00e9volution de la situation militaire dans l&#8217;Europe en guerre, ainsi que dans l&#8217;histoire\u00a0 des relations entre les principaux \u00c9tats bellig\u00e9rants. [&hellip;]<\/p>\n","protected":false},"author":1,"featured_media":5265,"comment_status":"closed","ping_status":"closed","template":"","tags":[],"mec_category":[],"class_list":["post-5268","mec-events","type-mec-events","status-publish","has-post-thumbnail","hentry"],"acf":[],"_links":{"self":[{"href":"https:\/\/paris.pan.pl\/en\/wp-json\/wp\/v2\/mec-events\/5268","targetHints":{"allow":["GET"]}}],"collection":[{"href":"https:\/\/paris.pan.pl\/en\/wp-json\/wp\/v2\/mec-events"}],"about":[{"href":"https:\/\/paris.pan.pl\/en\/wp-json\/wp\/v2\/types\/mec-events"}],"author":[{"embeddable":true,"href":"https:\/\/paris.pan.pl\/en\/wp-json\/wp\/v2\/users\/1"}],"replies":[{"embeddable":true,"href":"https:\/\/paris.pan.pl\/en\/wp-json\/wp\/v2\/comments?post=5268"}],"wp:featuredmedia":[{"embeddable":true,"href":"https:\/\/paris.pan.pl\/en\/wp-json\/wp\/v2\/media\/5265"}],"wp:attachment":[{"href":"https:\/\/paris.pan.pl\/en\/wp-json\/wp\/v2\/media?parent=5268"}],"wp:term":[{"taxonomy":"post_tag","embeddable":true,"href":"https:\/\/paris.pan.pl\/en\/wp-json\/wp\/v2\/tags?post=5268"},{"taxonomy":"mec_category","embeddable":true,"href":"https:\/\/paris.pan.pl\/en\/wp-json\/wp\/v2\/mec_category?post=5268"}],"curies":[{"name":"wp","href":"https:\/\/api.w.org\/{rel}","templated":true}]}}

Les chemins vers l&#8217;indépendance de la Pologne 1914-1921

<p>L&#8217;exposition retrace en 16 panneaux  les principales étapes  du combat politique et militaire qui a permis aux Polonais  de reconstruire un État indépendant à la fin de la Première Guerre Mondiale, en les inscrivant  dans l&#8217;évolution de la situation militaire dans l&#8217;Europe en guerre, ainsi que dans l&#8217;histoire  des relations entre les principaux États belligérants.</p>
<p>Réalisation : Barbara Miechowka de la Communauté Franco-Polonaise et Hanna Zaworonko-Olejniczak  de l&#8217;association Regards Multiples, avec les conseils scientifiques de Violetta Julkowka de l&#8217;Université de Poznan.</p>
<p>Visite de l&#8217;exposition sur rendez-vous secretariat@paris.pan.pl</p>

<p>L&#8217;exposition retrace en 16 panneaux  les principales étapes  du combat politique et militaire qui a permis aux Polonais  de reconstruire un État indépendant à la fin de la Première Guerre Mondiale, en les inscrivant  dans l&#8217;évolution de la situation militaire dans l&#8217;Europe en guerre, ainsi que dans l&#8217;histoire  des relations entre les principaux États belligérants. [&hellip;]</p>
