{"id":8780,"date":"2021-04-15T13:03:32","date_gmt":"2021-04-15T13:03:32","guid":{"rendered":"https:\/\/paris.pan.pl\/?post_type=mec-events&#038;p=8780"},"modified":"2021-09-28T13:57:49","modified_gmt":"2021-09-28T13:57:49","slug":"joseph-conrad-korzeniowski","status":"publish","type":"mec-events","link":"https:\/\/paris.pan.pl\/en\/events\/joseph-conrad-korzeniowski\/","title":{"rendered":"Transcultural biography and oeuvre of Joseph Conrad-Korzeniowski and its reverberations with contemporary artists"},"content":{"rendered":"<a href='https:\/\/photos.app.goo.gl\/aEgQt9hRsicso7Df8' class='big-button bigblue' target=\"_blank\">Photos<\/a>\n<p>Joseph Conrad-Korzeniowski was a man of three cultures: Polish, French and English. His biography and works have inspired various artists representing different media: (visual) literature (comics, graphic novels), film, music, art installations, murals and computer games. The purpose of the seminar is to discuss and make known the achievements of national artists inspired by Conrad on an international scale, exchange the knowledge of multifarious cultural events connected with this writer in particular countries\u00a0 (film and literature festivals, theatre performances, graphic installations, etc.) and last but not least, enhance the understanding of his Polish background.<\/p>\n<p>In times of severe social turmoils and hostile nationalistic discourses, the transcultural dimension of Conrad&#8217;s life and writing provides a platform for the exchange of different visions of cultures and societies. Discussing the achievements of modern artists who draw inspiration from his oeuvre will build bridges of collaboration between international scholars representing different cultural backgrounds. The seminar will popularize diverse artistic performances, resulting in a better understanding of various discourses, ways of life and religious practices. We believe that by organizing an international debate on the works of artists inspired by Conrad, we can enhance divergent cultures&#8217; appreciation. Finally, we wish to prove that Conrad, \u2018a Pole and a gentleman from the Ukraine\u2019, a borderland author, can provide a relevant perspective on political conflicts, migration and economic inequalities today.<\/p>\n<p>&nbsp;<\/p>\n<h3>Speakers<\/h3>\n<p><img loading=\"lazy\" decoding=\"async\" class=\"wp-image-9282 alignright\" src=\"https:\/\/paris.pan.pl\/wp-content\/uploads\/2021\/04\/VPaulyOwal-225x300.jpg\" alt=\"\" width=\"143\" height=\"191\" srcset=\"https:\/\/paris.pan.pl\/wp-content\/uploads\/2021\/04\/VPaulyOwal-225x300.jpg 225w, https:\/\/paris.pan.pl\/wp-content\/uploads\/2021\/04\/VPaulyOwal-300x400.jpg 300w, https:\/\/paris.pan.pl\/wp-content\/uploads\/2021\/04\/VPaulyOwal-305x406.jpg 305w, https:\/\/paris.pan.pl\/wp-content\/uploads\/2021\/04\/VPaulyOwal.jpg 405w\" sizes=\"auto, (max-width: 143px) 100vw, 143px\" \/><strong>Veronique Pauly <\/strong>is senior lecturer at the University of Versailles-St-Quentin-en-Yvelines\/University of Paris-Saclay and researcher at the Centre d&#8217;Histoire Culturelle des Soci\u00e9t\u00e9s Contemporaines. She is President of the French Conradian Society and has published on Joseph Conrad and contemporary British writers. The title of her presentation is: <strong>Affiliations in Joseph Conrad&#8217;s\u00a0<em>Under Western Eyes<\/em>\u00a0and J.M. Coetzee&#8217;s\u00a0<em>The Master of Petersburg<\/em>.<\/strong><\/p>\n<p>&nbsp;<\/p>\n<p>&nbsp;<\/p>\n<p>&nbsp;<\/p>\n<p>&nbsp;<\/p>\n<p><img loading=\"lazy\" decoding=\"async\" class=\"alignleft wp-image-8819\" src=\"https:\/\/paris.pan.pl\/wp-content\/uploads\/2021\/04\/DaviesOwal.jpg\" alt=\"\" width=\"140\" height=\"180\" \/><\/p>\n<p>Professor<strong> Laurence Davies <\/strong>is a Visiting Senior Research Fellow at King\u2019s College London. General Editor of the <em>Collected Letters of Joseph Conrad<\/em> and editor of the <em>Selected Letters<\/em>, he is now at work on the Oxford Ford Madox Ford. Other interests include comparative literature, microfictions, speculative fiction, and R. B. Cunnninghame Graham. The title of his presentation is: <strong>Contexts, genres, and transformations: Conradesque novels by Robert Silverberg and Henri Bosco and their second lives as <em>bandes dessin\u00e9es<\/em><\/strong>.<strong><br \/>\n<\/strong><\/p>\n<p>&nbsp;<\/p>\n<p>&nbsp;<\/p>\n<p>&nbsp;<\/p>\n<p><strong><img loading=\"lazy\" decoding=\"async\" class=\"wp-image-8825 alignright\" src=\"https:\/\/paris.pan.pl\/wp-content\/uploads\/2021\/04\/HUguetOwal.jpg\" alt=\"\" width=\"140\" height=\"185\" \/><\/strong><\/p>\n<p>&nbsp;<\/p>\n<p><strong>Josiane Paccaud-Huguet <\/strong>is Emeritus Professor of Modernist literature at Universit\u00e9 Lumi\u00e8re-Lyon 2. She is also a psychoanalyst. She has published extensively on Conrad and other Modernist writers, especially K. Mansfield, V. Woolf and M. Lowry. In collaboration with Claude Maisonnat she has published a monograph on Conrad (<em>Conrad<\/em>, <em>Les Cahiers de l\u2019Herne<\/em>, 2014) and a critical edition of <em>Au C\u0153ur des T\u00e9n\u00e8bres <\/em>(Gallimard, 2018). Her paper will be on <strong>Fear and anxiety in <em>Typhoon<\/em><\/strong><strong>.<\/strong><\/p>\n<p><strong>\u00a0<\/strong><\/p>\n<p>&nbsp;<\/p>\n<p>&nbsp;<\/p>\n<p><strong><img loading=\"lazy\" decoding=\"async\" class=\"alignleft wp-image-8816\" src=\"https:\/\/paris.pan.pl\/wp-content\/uploads\/2021\/04\/ArouimiOWal.jpg\" alt=\"\" width=\"140\" height=\"183\" \/><\/strong><\/p>\n<p>&nbsp;<\/p>\n<p><strong>Michel Arouimi <\/strong>\u00ab\u00a0ma\u00eetre de conferences habilit\u00e9\u00a0\u00bb at the Universit\u00e9 du Littoral, has published 25 books on literature, cinema, pop culture and numerous articles on famous writers, whose works are an inquiry on the function of harmony in art.\u00a0 The title of his presentation is <strong>Conrad in the writings of Michelangelo Antonioni.<\/strong><\/p>\n<p><strong>\u00a0<\/strong><\/p>\n<p>&nbsp;<\/p>\n<p><img loading=\"lazy\" decoding=\"async\" class=\"wp-image-8822 alignright\" src=\"https:\/\/paris.pan.pl\/wp-content\/uploads\/2021\/04\/HampsonOwal.jpg\" alt=\"\" width=\"140\" height=\"187\" \/><\/p>\n<p>&nbsp;<\/p>\n<p>Professor <strong>Robert Hampson <\/strong>FEA, FRSA is currently Research Fellow at the Institute of English Studies, University of London, and Chair of the Joseph Conrad Society (UK). He is the author of three monographs on Conrad &#8211; <em>Joseph Conrad: Betrayal and Identity<\/em> (1992); <em>Cross-Cultural Encounters in Conrad\u2019s Malay Fiction<\/em> (2000) and <em>Conrad\u2019s Secrets<\/em> (2012) \u2013 and a critical biography (Reaktion, 2020). His paper will be on<strong> Conrad and Transcultural Belonging.<\/strong><\/p>\n<p><strong>\u00a0<\/strong><\/p>\n<p>&nbsp;<\/p>\n<p>&nbsp;<\/p>\n<p><strong><img loading=\"lazy\" decoding=\"async\" class=\"alignleft wp-image-8828\" src=\"https:\/\/paris.pan.pl\/wp-content\/uploads\/2021\/04\/MArtiniereOwal.jpg\" alt=\"\" width=\"140\" height=\"216\" \/><\/strong><\/p>\n<p>&nbsp;<\/p>\n<p><strong>Nathalie Martiniere <\/strong>is a full professor at University of Limoges (France) where she teaches literature. She is the author of\u00a0<em>Figures du Double: du personnage au texte\u00a0<\/em>(2008) and co-edited\u00a0<em>Rewriting in the 20th-21st Centuries: Aesthetic Choice or Political Act\u00a0?\u00a0<\/em>(2015). She is the editor of\u00a0<em>L\u2019Epoque Conradienne. <\/em>Her paper will be on <strong>The Shadow of Joseph Conrad Haunting Contemporary Fiction.<\/strong><\/p>\n<p><strong>\u00a0<\/strong><\/p>\n<p>&nbsp;<\/p>\n<p><strong><img loading=\"lazy\" decoding=\"async\" class=\"wp-image-8831 alignright\" src=\"https:\/\/paris.pan.pl\/wp-content\/uploads\/2021\/04\/NanceyOwal.jpg\" alt=\"\" width=\"140\" height=\"202\" \/><\/strong><\/p>\n<p>&nbsp;<\/p>\n<p><strong>Catherine Delesalle-Nancey<\/strong> is a Professor in the English Studies Department of University Jean Moulin-Lyon 3, France, where she teaches twentieth and twenty-first century British literature.\u00a0 She has published many articles on J.Conrad (notably in <em>L\u2019\u00e9poque conradienne <\/em>and <em>The Conradian<\/em>) as well as on M. Lowry. She contributed two articles to the French volume of <em>Les Cahiers de l\u2019Herne<\/em> devoted to Conrad (2014) and published a monograph on Lowry: <em>R\u00e9p\u00e9tition, ressassement et reprise dans l\u2019\u0153uvre en prose de M.Lowry<\/em> (2010). Her paper will be on <strong><em>Heart of Darkness\u00a0<\/em>and its influence<\/strong> on Caryl Philips\u2019\u00a0<em>Higher Ground<\/em><\/p>\n<p>&nbsp;<\/p>\n<p>&nbsp;<\/p>\n<p><strong><img loading=\"lazy\" decoding=\"async\" class=\"alignleft wp-image-8837\" src=\"https:\/\/paris.pan.pl\/wp-content\/uploads\/2021\/04\/SalmonsOwal.jpg\" alt=\"\" width=\"140\" height=\"184\" \/><\/strong><\/p>\n<p>&nbsp;<\/p>\n<p><strong>Kim Salmons <\/strong>is an associate professor at St Mary\u2019s University, London and Conference Secretary of the Joseph Conrad Society UK, has published two monographs on food and literature. Her most recent publication is a co-edited volume with Professor Tania Zulli: <em>Migration, Modernity &amp; Transnationalism in Joseph Conrad<\/em>. The title of her presentation is <strong>Conrad and the Carmelites: Faith, Food and the Contemporary Imagination.<\/strong><\/p>\n<p><strong>\u00a0<\/strong><\/p>\n<p>&nbsp;<\/p>\n<p>&nbsp;<\/p>\n<p><strong><img loading=\"lazy\" decoding=\"async\" class=\"wp-image-8843 alignright\" src=\"https:\/\/paris.pan.pl\/wp-content\/uploads\/2021\/04\/SokolikOwal.jpg\" alt=\"\" width=\"140\" height=\"186\" \/><\/strong><\/p>\n<p>&nbsp;<\/p>\n<p><strong>Joanna Skolik, <\/strong>associate professor at University of Opole, Poland and Secretary of The Joseph Conrad Society, Poland. She has published a book on Conrad\u2019s ethics and numerous articles on Conrad, poetry and rock texts. Together with Z.Najder she has edited <em>Polskie zaplecze J.Conrada-Korzeniowskiego<\/em> (J.Conrad-Korzeniowski&#8217;s Polish Background). The title of her presentation is <strong>Conrad, Fudakowski and\u00a0 their <em>Secret Sharer<\/em>.<\/strong><\/p>\n<p><strong>\u00a0<\/strong><\/p>\n<p>&nbsp;<\/p>\n<p><strong><img loading=\"lazy\" decoding=\"async\" class=\"alignleft wp-image-8840\" src=\"https:\/\/paris.pan.pl\/wp-content\/uploads\/2021\/04\/SamselOwal.jpg\" alt=\"\" width=\"140\" height=\"186\" \/><\/strong><\/p>\n<p>&nbsp;<\/p>\n<p><strong>Karol Samsel, <\/strong>assistant professor at the Section of Literature of Romanticism of the Faculty of Polish Studies at the University of Warsaw. Member of the Joseph Conrad Society (Poland), works on the issue of Conrad &amp; Polish Romanticism. Author of the volume <em>Norwid \u2013 Conrad. The Epics in the Modern Perspective<\/em>, publishes frequently in \u201cYearbook of Conrad Studies (Poland)\u201d. The title of his speech is<strong> Joseph Conrad and Olga Tokarczuk. An attempt at a cautious approach.<\/strong><\/p>\n<p><strong>\u00a0<\/strong><\/p>\n<p>&nbsp;<\/p>\n<p>&nbsp;<\/p>\n<p><strong><img loading=\"lazy\" decoding=\"async\" class=\"wp-image-8846 alignright\" src=\"https:\/\/paris.pan.pl\/wp-content\/uploads\/2021\/04\/VogelOwal.jpg\" alt=\"\" width=\"139\" height=\"186\" \/><\/strong><\/p>\n<p>&nbsp;<\/p>\n<p><strong>Daniel Vogel, <\/strong>senior lecturer at the University of Applied Sciences in Raciborz, Poland; member of The Joseph Conrad Society, Poland, has published a book and numerous articles on postcolonial literature and Joseph Conrad. His most recent research is on finding the traces of Conrad in the fiction by Stanis\u0142aw Lem.\u00a0 The title of his presentation is:<strong> Loneliness of a migrant: intercultural experience of Joseph Conrad and Stanis\u0142aw Lem and its presence in their selected works.<\/strong><\/p>\n<p>&nbsp;<\/p>\n<p><strong>\u00a0<\/strong><\/p>\n<p>&nbsp;<\/p>\n<p><strong><img loading=\"lazy\" decoding=\"async\" class=\"alignleft wp-image-8834\" src=\"https:\/\/paris.pan.pl\/wp-content\/uploads\/2021\/04\/PospiechOwal.jpg\" alt=\"\" width=\"140\" height=\"184\" \/><\/strong><\/p>\n<p>&nbsp;<\/p>\n<p><strong>Agnieszka Adamowicz-Po\u015bpiech, <\/strong>associate professor at University of Silesia, Poland and Vice President of The Joseph Conrad Society, Poland, has published four books on modernism and translation studies (the most recent is <em>Travels with Conrad, <\/em>2016) and numerous articles on Conrad, H. Pinter, W. Golding, J.Verma, T.S. Eliot, G.B.Shaw. The title of her presentation is<strong> Conrad in Graphic Novels<em>.<\/em><\/strong><\/p>\n<p><strong>\u00a0<\/strong><\/p>\n<p>&nbsp;<\/p>\n<p>&nbsp;<\/p>\n<p><em>Title image by Sylwia Vogel<\/em><\/p>\n<p>&nbsp;<\/p>\n<p>&nbsp;<\/p>\n","protected":false},"excerpt":{"rendered":"<p>Joseph Conrad-Korzeniowski was a man of three cultures: Polish, French and English. His biography and works have inspired various artists representing different media: (visual) literature (comics, graphic novels), film, music, art installations, murals and computer games. The purpose of the seminar is to discuss and make known the achievements of national artists inspired by Conrad [&hellip;]<\/p>\n","protected":false},"author":57,"featured_media":8778,"comment_status":"closed","ping_status":"closed","template":"","tags":[228,229],"mec_category":[214,193],"class_list":["post-8780","mec-events","type-mec-events","status-publish","has-post-thumbnail","hentry","tag-culture-literature","tag-science-en","mec_category-news","mec_category-science-culture-literature"],"acf":[],"_links":{"self":[{"href":"https:\/\/paris.pan.pl\/en\/wp-json\/wp\/v2\/mec-events\/8780","targetHints":{"allow":["GET"]}}],"collection":[{"href":"https:\/\/paris.pan.pl\/en\/wp-json\/wp\/v2\/mec-events"}],"about":[{"href":"https:\/\/paris.pan.pl\/en\/wp-json\/wp\/v2\/types\/mec-events"}],"author":[{"embeddable":true,"href":"https:\/\/paris.pan.pl\/en\/wp-json\/wp\/v2\/users\/57"}],"replies":[{"embeddable":true,"href":"https:\/\/paris.pan.pl\/en\/wp-json\/wp\/v2\/comments?post=8780"}],"wp:featuredmedia":[{"embeddable":true,"href":"https:\/\/paris.pan.pl\/en\/wp-json\/wp\/v2\/media\/8778"}],"wp:attachment":[{"href":"https:\/\/paris.pan.pl\/en\/wp-json\/wp\/v2\/media?parent=8780"}],"wp:term":[{"taxonomy":"post_tag","embeddable":true,"href":"https:\/\/paris.pan.pl\/en\/wp-json\/wp\/v2\/tags?post=8780"},{"taxonomy":"mec_category","embeddable":true,"href":"https:\/\/paris.pan.pl\/en\/wp-json\/wp\/v2\/mec_category?post=8780"}],"curies":[{"name":"wp","href":"https:\/\/api.w.org\/{rel}","templated":true}]}}

<a href='https://photos.app.goo.gl/aEgQt9hRsicso7Df8' class='big-button bigblue' target="_blank">Photos</a>
<p>Joseph Conrad-Korzeniowski was a man of three cultures: Polish, French and English. His biography and works have inspired various artists representing different media: (visual) literature (comics, graphic novels), film, music, art installations, murals and computer games. The purpose of the seminar is to discuss and make known the achievements of national artists inspired by Conrad on an international scale, exchange the knowledge of multifarious cultural events connected with this writer in particular countries  (film and literature festivals, theatre performances, graphic installations, etc.) and last but not least, enhance the understanding of his Polish background.</p>
<p>In times of severe social turmoils and hostile nationalistic discourses, the transcultural dimension of Conrad&#8217;s life and writing provides a platform for the exchange of different visions of cultures and societies. Discussing the achievements of modern artists who draw inspiration from his oeuvre will build bridges of collaboration between international scholars representing different cultural backgrounds. The seminar will popularize diverse artistic performances, resulting in a better understanding of various discourses, ways of life and religious practices. We believe that by organizing an international debate on the works of artists inspired by Conrad, we can enhance divergent cultures&#8217; appreciation. Finally, we wish to prove that Conrad, ‘a Pole and a gentleman from the Ukraine’, a borderland author, can provide a relevant perspective on political conflicts, migration and economic inequalities today.</p>
<p>&nbsp;</p>
<h3>Speakers</h3>
<p><img loading="lazy" decoding="async" class="wp-image-9282 alignright" src="https://paris.pan.pl/wp-content/uploads/2021/04/VPaulyOwal-225x300.jpg" alt="" width="143" height="191" srcset="https://paris.pan.pl/wp-content/uploads/2021/04/VPaulyOwal-225x300.jpg 225w, https://paris.pan.pl/wp-content/uploads/2021/04/VPaulyOwal-300x400.jpg 300w, https://paris.pan.pl/wp-content/uploads/2021/04/VPaulyOwal-305x406.jpg 305w, https://paris.pan.pl/wp-content/uploads/2021/04/VPaulyOwal.jpg 405w" sizes="auto, (max-width: 143px) 100vw, 143px" /><strong>Veronique Pauly </strong>is senior lecturer at the University of Versailles-St-Quentin-en-Yvelines/University of Paris-Saclay and researcher at the Centre d&#8217;Histoire Culturelle des Sociétés Contemporaines. She is President of the French Conradian Society and has published on Joseph Conrad and contemporary British writers. The title of her presentation is: <strong>Affiliations in Joseph Conrad&#8217;s <em>Under Western Eyes</em> and J.M. Coetzee&#8217;s <em>The Master of Petersburg</em>.</strong></p>
<p>&nbsp;</p>
<p>&nbsp;</p>
<p>&nbsp;</p>
<p>&nbsp;</p>
<p><img loading="lazy" decoding="async" class="alignleft wp-image-8819" src="https://paris.pan.pl/wp-content/uploads/2021/04/DaviesOwal.jpg" alt="" width="140" height="180" /></p>
<p>Professor<strong> Laurence Davies </strong>is a Visiting Senior Research Fellow at King’s College London. General Editor of the <em>Collected Letters of Joseph Conrad</em> and editor of the <em>Selected Letters</em>, he is now at work on the Oxford Ford Madox Ford. Other interests include comparative literature, microfictions, speculative fiction, and R. B. Cunnninghame Graham. The title of his presentation is: <strong>Contexts, genres, and transformations: Conradesque novels by Robert Silverberg and Henri Bosco and their second lives as <em>bandes dessinées</em></strong>.<strong><br />
</strong></p>
<p>&nbsp;</p>
<p>&nbsp;</p>
<p>&nbsp;</p>
<p><strong><img loading="lazy" decoding="async" class="wp-image-8825 alignright" src="https://paris.pan.pl/wp-content/uploads/2021/04/HUguetOwal.jpg" alt="" width="140" height="185" /></strong></p>
<p>&nbsp;</p>
<p><strong>Josiane Paccaud-Huguet </strong>is Emeritus Professor of Modernist literature at Université Lumière-Lyon 2. She is also a psychoanalyst. She has published extensively on Conrad and other Modernist writers, especially K. Mansfield, V. Woolf and M. Lowry. In collaboration with Claude Maisonnat she has published a monograph on Conrad (<em>Conrad</em>, <em>Les Cahiers de l’Herne</em>, 2014) and a critical edition of <em>Au Cœur des Ténèbres </em>(Gallimard, 2018). Her paper will be on <strong>Fear and anxiety in <em>Typhoon</em></strong><strong>.</strong></p>
<p><strong> </strong></p>
<p>&nbsp;</p>
<p>&nbsp;</p>
<p><strong><img loading="lazy" decoding="async" class="alignleft wp-image-8816" src="https://paris.pan.pl/wp-content/uploads/2021/04/ArouimiOWal.jpg" alt="" width="140" height="183" /></strong></p>
<p>&nbsp;</p>
<p><strong>Michel Arouimi </strong>« maître de conferences habilité » at the Université du Littoral, has published 25 books on literature, cinema, pop culture and numerous articles on famous writers, whose works are an inquiry on the function of harmony in art.  The title of his presentation is <strong>Conrad in the writings of Michelangelo Antonioni.</strong></p>
<p><strong> </strong></p>
<p>&nbsp;</p>
<p><img loading="lazy" decoding="async" class="wp-image-8822 alignright" src="https://paris.pan.pl/wp-content/uploads/2021/04/HampsonOwal.jpg" alt="" width="140" height="187" /></p>
<p>&nbsp;</p>
<p>Professor <strong>Robert Hampson </strong>FEA, FRSA is currently Research Fellow at the Institute of English Studies, University of London, and Chair of the Joseph Conrad Society (UK). He is the author of three monographs on Conrad &#8211; <em>Joseph Conrad: Betrayal and Identity</em> (1992); <em>Cross-Cultural Encounters in Conrad’s Malay Fiction</em> (2000) and <em>Conrad’s Secrets</em> (2012) – and a critical biography (Reaktion, 2020). His paper will be on<strong> Conrad and Transcultural Belonging.</strong></p>
<p><strong> </strong></p>
<p>&nbsp;</p>
<p>&nbsp;</p>
<p><strong><img loading="lazy" decoding="async" class="alignleft wp-image-8828" src="https://paris.pan.pl/wp-content/uploads/2021/04/MArtiniereOwal.jpg" alt="" width="140" height="216" /></strong></p>
<p>&nbsp;</p>
<p><strong>Nathalie Martiniere </strong>is a full professor at University of Limoges (France) where she teaches literature. She is the author of <em>Figures du Double: du personnage au texte </em>(2008) and co-edited <em>Rewriting in the 20th-21st Centuries: Aesthetic Choice or Political Act ? </em>(2015). She is the editor of <em>L’Epoque Conradienne. </em>Her paper will be on <strong>The Shadow of Joseph Conrad Haunting Contemporary Fiction.</strong></p>
<p><strong> </strong></p>
<p>&nbsp;</p>
<p><strong><img loading="lazy" decoding="async" class="wp-image-8831 alignright" src="https://paris.pan.pl/wp-content/uploads/2021/04/NanceyOwal.jpg" alt="" width="140" height="202" /></strong></p>
<p>&nbsp;</p>
<p><strong>Catherine Delesalle-Nancey</strong> is a Professor in the English Studies Department of University Jean Moulin-Lyon 3, France, where she teaches twentieth and twenty-first century British literature.  She has published many articles on J.Conrad (notably in <em>L’époque conradienne </em>and <em>The Conradian</em>) as well as on M. Lowry. She contributed two articles to the French volume of <em>Les Cahiers de l’Herne</em> devoted to Conrad (2014) and published a monograph on Lowry: <em>Répétition, ressassement et reprise dans l’œuvre en prose de M.Lowry</em> (2010). Her paper will be on <strong><em>Heart of Darkness </em>and its influence</strong> on Caryl Philips’ <em>Higher Ground</em></p>
<p>&nbsp;</p>
<p>&nbsp;</p>
<p><strong><img loading="lazy" decoding="async" class="alignleft wp-image-8837" src="https://paris.pan.pl/wp-content/uploads/2021/04/SalmonsOwal.jpg" alt="" width="140" height="184" /></strong></p>
<p>&nbsp;</p>
<p><strong>Kim Salmons </strong>is an associate professor at St Mary’s University, London and Conference Secretary of the Joseph Conrad Society UK, has published two monographs on food and literature. Her most recent publication is a co-edited volume with Professor Tania Zulli: <em>Migration, Modernity &amp; Transnationalism in Joseph Conrad</em>. The title of her presentation is <strong>Conrad and the Carmelites: Faith, Food and the Contemporary Imagination.</strong></p>
<p><strong> </strong></p>
<p>&nbsp;</p>
<p>&nbsp;</p>
<p><strong><img loading="lazy" decoding="async" class="wp-image-8843 alignright" src="https://paris.pan.pl/wp-content/uploads/2021/04/SokolikOwal.jpg" alt="" width="140" height="186" /></strong></p>
<p>&nbsp;</p>
<p><strong>Joanna Skolik, </strong>associate professor at University of Opole, Poland and Secretary of The Joseph Conrad Society, Poland. She has published a book on Conrad’s ethics and numerous articles on Conrad, poetry and rock texts. Together with Z.Najder she has edited <em>Polskie zaplecze J.Conrada-Korzeniowskiego</em> (J.Conrad-Korzeniowski&#8217;s Polish Background). The title of her presentation is <strong>Conrad, Fudakowski and  their <em>Secret Sharer</em>.</strong></p>
<p><strong> </strong></p>
<p>&nbsp;</p>
<p><strong><img loading="lazy" decoding="async" class="alignleft wp-image-8840" src="https://paris.pan.pl/wp-content/uploads/2021/04/SamselOwal.jpg" alt="" width="140" height="186" /></strong></p>
<p>&nbsp;</p>
<p><strong>Karol Samsel, </strong>assistant professor at the Section of Literature of Romanticism of the Faculty of Polish Studies at the University of Warsaw. Member of the Joseph Conrad Society (Poland), works on the issue of Conrad &amp; Polish Romanticism. Author of the volume <em>Norwid – Conrad. The Epics in the Modern Perspective</em>, publishes frequently in “Yearbook of Conrad Studies (Poland)”. The title of his speech is<strong> Joseph Conrad and Olga Tokarczuk. An attempt at a cautious approach.</strong></p>
<p><strong> </strong></p>
<p>&nbsp;</p>
<p>&nbsp;</p>
<p><strong><img loading="lazy" decoding="async" class="wp-image-8846 alignright" src="https://paris.pan.pl/wp-content/uploads/2021/04/VogelOwal.jpg" alt="" width="139" height="186" /></strong></p>
<p>&nbsp;</p>
<p><strong>Daniel Vogel, </strong>senior lecturer at the University of Applied Sciences in Raciborz, Poland; member of The Joseph Conrad Society, Poland, has published a book and numerous articles on postcolonial literature and Joseph Conrad. His most recent research is on finding the traces of Conrad in the fiction by Stanisław Lem.  The title of his presentation is:<strong> Loneliness of a migrant: intercultural experience of Joseph Conrad and Stanisław Lem and its presence in their selected works.</strong></p>
<p>&nbsp;</p>
<p><strong> </strong></p>
<p>&nbsp;</p>
<p><strong><img loading="lazy" decoding="async" class="alignleft wp-image-8834" src="https://paris.pan.pl/wp-content/uploads/2021/04/PospiechOwal.jpg" alt="" width="140" height="184" /></strong></p>
<p>&nbsp;</p>
<p><strong>Agnieszka Adamowicz-Pośpiech, </strong>associate professor at University of Silesia, Poland and Vice President of The Joseph Conrad Society, Poland, has published four books on modernism and translation studies (the most recent is <em>Travels with Conrad, </em>2016) and numerous articles on Conrad, H. Pinter, W. Golding, J.Verma, T.S. Eliot, G.B.Shaw. The title of her presentation is<strong> Conrad in Graphic Novels<em>.</em></strong></p>
<p><strong> </strong></p>
<p>&nbsp;</p>
<p>&nbsp;</p>
<p><em>Title image by Sylwia Vogel</em></p>
<p>&nbsp;</p>
<p>&nbsp;</p>
