{"id":5270,"date":"2019-07-29T15:12:08","date_gmt":"2019-07-29T15:12:08","guid":{"rendered":"http:\/\/paris.pan.pl\/?post_type=mec-events&#038;p=5270"},"modified":"2019-07-29T15:14:44","modified_gmt":"2019-07-29T15:14:44","slug":"les-chemins-vers-lindependance-de-la-pologne-1914-1921","status":"publish","type":"mec-events","link":"https:\/\/paris.pan.pl\/fr\/events\/les-chemins-vers-lindependance-de-la-pologne-1914-1921\/","title":{"rendered":"Les chemins vers l&rsquo;ind\u00e9pendance de la Pologne (1914-1921)"},"content":{"rendered":"<p>L&rsquo;exposition retrace en 16 panneaux\u00a0 les principales \u00e9tapes\u00a0 du combat politique et militaire qui a permis aux Polonais\u00a0 de reconstruire un \u00c9tat ind\u00e9pendant \u00e0 la fin de la Premi\u00e8re Guerre Mondiale, en les inscrivant\u00a0 dans l&rsquo;\u00e9volution de la situation militaire dans l&rsquo;Europe en guerre, ainsi que dans l&rsquo;histoire\u00a0 des relations entre les principaux \u00c9tats bellig\u00e9rants.<\/p>\n<p>R\u00e9alisation : Barbara Miechowka de la Communaut\u00e9 Franco-Polonaise et Hanna Zaworonko-Olejniczak\u00a0 de l&rsquo;association Regards Multiples, avec les conseils scientifiques de Violetta Julkowka de l&rsquo;Universit\u00e9 de Poznan.<\/p>\n<p>Visite de l&rsquo;exposition sur rendez-vous secretariat@paris.pan.pl<\/p>\n","protected":false},"excerpt":{"rendered":"<p>L&rsquo;exposition retrace en 16 panneaux\u00a0 les principales \u00e9tapes\u00a0 du combat politique et militaire qui a permis aux Polonais\u00a0 de reconstruire un \u00c9tat ind\u00e9pendant \u00e0 la fin de la Premi\u00e8re Guerre Mondiale, en les inscrivant\u00a0 dans l&rsquo;\u00e9volution de la situation militaire dans l&rsquo;Europe en guerre, ainsi que dans l&rsquo;histoire\u00a0 des relations entre les principaux \u00c9tats bellig\u00e9rants. [&hellip;]<\/p>\n","protected":false},"author":1,"featured_media":5266,"comment_status":"closed","ping_status":"closed","template":"","tags":[],"mec_category":[],"class_list":["post-5270","mec-events","type-mec-events","status-publish","has-post-thumbnail","hentry"],"acf":[],"_links":{"self":[{"href":"https:\/\/paris.pan.pl\/fr\/wp-json\/wp\/v2\/mec-events\/5270","targetHints":{"allow":["GET"]}}],"collection":[{"href":"https:\/\/paris.pan.pl\/fr\/wp-json\/wp\/v2\/mec-events"}],"about":[{"href":"https:\/\/paris.pan.pl\/fr\/wp-json\/wp\/v2\/types\/mec-events"}],"author":[{"embeddable":true,"href":"https:\/\/paris.pan.pl\/fr\/wp-json\/wp\/v2\/users\/1"}],"replies":[{"embeddable":true,"href":"https:\/\/paris.pan.pl\/fr\/wp-json\/wp\/v2\/comments?post=5270"}],"wp:featuredmedia":[{"embeddable":true,"href":"https:\/\/paris.pan.pl\/fr\/wp-json\/wp\/v2\/media\/5266"}],"wp:attachment":[{"href":"https:\/\/paris.pan.pl\/fr\/wp-json\/wp\/v2\/media?parent=5270"}],"wp:term":[{"taxonomy":"post_tag","embeddable":true,"href":"https:\/\/paris.pan.pl\/fr\/wp-json\/wp\/v2\/tags?post=5270"},{"taxonomy":"mec_category","embeddable":true,"href":"https:\/\/paris.pan.pl\/fr\/wp-json\/wp\/v2\/mec_category?post=5270"}],"curies":[{"name":"wp","href":"https:\/\/api.w.org\/{rel}","templated":true}]}}

Les chemins vers l&rsquo;indépendance de la Pologne (1914-1921)

<p>L&rsquo;exposition retrace en 16 panneaux  les principales étapes  du combat politique et militaire qui a permis aux Polonais  de reconstruire un État indépendant à la fin de la Première Guerre Mondiale, en les inscrivant  dans l&rsquo;évolution de la situation militaire dans l&rsquo;Europe en guerre, ainsi que dans l&rsquo;histoire  des relations entre les principaux États belligérants.</p>
<p>Réalisation : Barbara Miechowka de la Communauté Franco-Polonaise et Hanna Zaworonko-Olejniczak  de l&rsquo;association Regards Multiples, avec les conseils scientifiques de Violetta Julkowka de l&rsquo;Université de Poznan.</p>
<p>Visite de l&rsquo;exposition sur rendez-vous secretariat@paris.pan.pl</p>

<p>L&rsquo;exposition retrace en 16 panneaux  les principales étapes  du combat politique et militaire qui a permis aux Polonais  de reconstruire un État indépendant à la fin de la Première Guerre Mondiale, en les inscrivant  dans l&rsquo;évolution de la situation militaire dans l&rsquo;Europe en guerre, ainsi que dans l&rsquo;histoire  des relations entre les principaux États belligérants. [&hellip;]</p>
