{"id":8682,"date":"2021-01-29T08:38:23","date_gmt":"2021-01-29T08:38:23","guid":{"rendered":"https:\/\/paris.pan.pl\/events\/wkraczamy-na-planetarna-terra-incognita-2\/"},"modified":"2021-04-28T12:40:35","modified_gmt":"2021-04-28T12:40:35","slug":"terra-incognita","status":"publish","type":"mec-events","link":"https:\/\/paris.pan.pl\/fr\/events\/terra-incognita\/","title":{"rendered":"\u201eOn regarde la fen\u00eatre se fermer\u201d"},"content":{"rendered":"<a href='https:\/\/www.youtube.com\/watch?v=tJcWv1QkGyI&#038;t' class='small-button smalllightblue' target=\"_blank\">Re-regardez sur YouTube<\/a>\n<p>Les premiers signaux que la population humaine pourrait disparaitre \u00e9taient not\u00e9s en 1896 par Svante Arrhenius (chimiste et physiciste su\u00e9dois). Le monde a commenc\u00e9 la lutte contre le changement climatique en 1992. Le changement climatique est un p\u00e9ril r\u00e9el pour la civilisation humaine. Est-ce que l\u2019homme peut encore changer sa relation avec l\u2019environnement et la Terre et arr\u00eater les changements d\u00e9j\u00e0 en cours\u00a0?<\/p>\n<p>&nbsp;<\/p>\n<p>&nbsp;<\/p>\n<p><img loading=\"lazy\" decoding=\"async\" class=\" wp-image-8525 alignleft\" src=\"https:\/\/paris.pan.pl\/wp-content\/uploads\/2021\/01\/Piotr-Skubala3-150x150.jpg\" alt=\"authorphoto\" width=\"177\" height=\"177\" srcset=\"https:\/\/paris.pan.pl\/wp-content\/uploads\/2021\/01\/Piotr-Skubala3-150x150.jpg 150w, https:\/\/paris.pan.pl\/wp-content\/uploads\/2021\/01\/Piotr-Skubala3-300x300.jpg 300w, https:\/\/paris.pan.pl\/wp-content\/uploads\/2021\/01\/Piotr-Skubala3-440x440.jpg 440w\" sizes=\"auto, (max-width: 177px) 100vw, 177px\" \/><\/p>\n<p><strong>Pr. Piotr Skuba\u0142a<\/strong> \u2013 professeur des sciences biologiques, \u00e9cologue, acarologue, <span style=\"color: black;\">activiste \u00e9cologique et climatique (en coop\u00e9ration avec le Climate Reality Project de Al Gore), l\u2019expert de l\u2019\u00e9thique a la Commission Europ\u00e9enne \u00e0 Bruxelles (le programme HORIZON2020). Il fait partie de nombreux conseils en Pologne et a l\u2019\u00e9tranger. Professeur Skuba\u0142a est auteur de 145 publications, 47 chapitres dans les livres et 38 communiqu\u00e9s scientifiques. Il a \u00e9galement publi\u00e9 140 articles vulgarisant la science dans les domaines de l\u2019acarologie, la philosophie du environnement, l\u2019\u00e9cologie, l\u2019\u00e9ducation \u00e9cologique,<\/span> la <span style=\"color: black;\">protection environnementale et le changement climatique, du probl\u00e8mes de la soci\u00e9t\u00e9 et du d\u00e9veloppement durable. <\/span><\/p>\n<p><span style=\"color: #000000;\">\u00a0<\/span><\/p>\n","protected":false},"excerpt":{"rendered":"<p>Les premiers signaux que la population humaine pourrait disparaitre \u00e9taient not\u00e9s en 1896 par Svante Arrhenius (chimiste et physiciste su\u00e9dois). Le monde a commenc\u00e9 la lutte contre le changement climatique en 1992. Le changement climatique est un p\u00e9ril r\u00e9el pour la civilisation humaine. Est-ce que l\u2019homme peut encore changer sa relation avec l\u2019environnement et la [&hellip;]<\/p>\n","protected":false},"author":57,"featured_media":8530,"comment_status":"closed","ping_status":"closed","template":"","tags":[170],"mec_category":[120,196,58],"class_list":["post-8682","mec-events","type-mec-events","status-publish","has-post-thumbnail","hentry","tag-science-changements-climatiques","mec_category-aktualnosci-fr","mec_category-science-changements-climatiques","mec_category-wyroznione-fr"],"acf":[],"_links":{"self":[{"href":"https:\/\/paris.pan.pl\/fr\/wp-json\/wp\/v2\/mec-events\/8682","targetHints":{"allow":["GET"]}}],"collection":[{"href":"https:\/\/paris.pan.pl\/fr\/wp-json\/wp\/v2\/mec-events"}],"about":[{"href":"https:\/\/paris.pan.pl\/fr\/wp-json\/wp\/v2\/types\/mec-events"}],"author":[{"embeddable":true,"href":"https:\/\/paris.pan.pl\/fr\/wp-json\/wp\/v2\/users\/57"}],"replies":[{"embeddable":true,"href":"https:\/\/paris.pan.pl\/fr\/wp-json\/wp\/v2\/comments?post=8682"}],"wp:featuredmedia":[{"embeddable":true,"href":"https:\/\/paris.pan.pl\/fr\/wp-json\/wp\/v2\/media\/8530"}],"wp:attachment":[{"href":"https:\/\/paris.pan.pl\/fr\/wp-json\/wp\/v2\/media?parent=8682"}],"wp:term":[{"taxonomy":"post_tag","embeddable":true,"href":"https:\/\/paris.pan.pl\/fr\/wp-json\/wp\/v2\/tags?post=8682"},{"taxonomy":"mec_category","embeddable":true,"href":"https:\/\/paris.pan.pl\/fr\/wp-json\/wp\/v2\/mec_category?post=8682"}],"curies":[{"name":"wp","href":"https:\/\/api.w.org\/{rel}","templated":true}]}}

„On regarde la fenêtre se fermer”

<a href='https://www.youtube.com/watch?v=tJcWv1QkGyI&#038;t' class='small-button smalllightblue' target="_blank">Re-regardez sur YouTube</a>
<p>Les premiers signaux que la population humaine pourrait disparaitre étaient notés en 1896 par Svante Arrhenius (chimiste et physiciste suédois). Le monde a commencé la lutte contre le changement climatique en 1992. Le changement climatique est un péril réel pour la civilisation humaine. Est-ce que l’homme peut encore changer sa relation avec l’environnement et la Terre et arrêter les changements déjà en cours ?</p>
<p>&nbsp;</p>
<p>&nbsp;</p>
<p><img loading="lazy" decoding="async" class=" wp-image-8525 alignleft" src="https://paris.pan.pl/wp-content/uploads/2021/01/Piotr-Skubala3-150x150.jpg" alt="authorphoto" width="177" height="177" srcset="https://paris.pan.pl/wp-content/uploads/2021/01/Piotr-Skubala3-150x150.jpg 150w, https://paris.pan.pl/wp-content/uploads/2021/01/Piotr-Skubala3-300x300.jpg 300w, https://paris.pan.pl/wp-content/uploads/2021/01/Piotr-Skubala3-440x440.jpg 440w" sizes="auto, (max-width: 177px) 100vw, 177px" /></p>
<p><strong>Pr. Piotr Skubała</strong> – professeur des sciences biologiques, écologue, acarologue, <span style="color: black;">activiste écologique et climatique (en coopération avec le Climate Reality Project de Al Gore), l’expert de l’éthique a la Commission Européenne à Bruxelles (le programme HORIZON2020). Il fait partie de nombreux conseils en Pologne et a l’étranger. Professeur Skubała est auteur de 145 publications, 47 chapitres dans les livres et 38 communiqués scientifiques. Il a également publié 140 articles vulgarisant la science dans les domaines de l’acarologie, la philosophie du environnement, l’écologie, l’éducation écologique,</span> la <span style="color: black;">protection environnementale et le changement climatique, du problèmes de la société et du développement durable. </span></p>
<p><span style="color: #000000;"> </span></p>

<p>Les premiers signaux que la population humaine pourrait disparaitre étaient notés en 1896 par Svante Arrhenius (chimiste et physiciste suédois). Le monde a commencé la lutte contre le changement climatique en 1992. Le changement climatique est un péril réel pour la civilisation humaine. Est-ce que l’homme peut encore changer sa relation avec l’environnement et la [&hellip;]</p>
