{"id":9538,"date":"2021-11-08T14:53:57","date_gmt":"2021-11-08T14:53:57","guid":{"rendered":"https:\/\/paris.pan.pl\/events\/pamietniki-z-powstania-warszawskiego-nowe-konteksty-nowe-odczytania\/"},"modified":"2021-11-15T07:36:02","modified_gmt":"2021-11-15T07:36:02","slug":"pamietniki-z-powstania-warszawskiego-nowe-konteksty-nowe-odczytania","status":"publish","type":"mec-events","link":"https:\/\/paris.pan.pl\/fr\/events\/pamietniki-z-powstania-warszawskiego-nowe-konteksty-nowe-odczytania\/","title":{"rendered":"M\u00e9moire de l&rsquo;insurrection de Varsovie de Miron Bia\u0142oszewski"},"content":{"rendered":"<p><strong>50\u00e8me anniversaire de <em>M\u00e9moire de l&rsquo;insurrection de Varsovie <\/em>de Miron Bia\u0142oszewski<\/strong><\/p>\n<a href='https:\/\/paris.pan.pl\/wp-content\/uploads\/2021\/11\/Affiche_MemoireBialoszewski.png' class='small-button smallblue'>Affiche<\/a>\n<p>&nbsp;<\/p>\n<p>La discussion des Traducteurs (Eric Veaux, Luca Bernardini, moderateurs : Piotr Sobolczyk et Anna Synoradzka) sera disponible en direct le 15 XI, 10h30 sur la chaine YouTube du Centre Scientifique<\/p>\n<a href='https:\/\/www.youtube.com\/watch?v=EvZ5vxFft7w' class='small-button smallblue' target=\"_blank\">Lien en direct<\/a>\n<p>&nbsp;<\/p>\n<p>&nbsp;<\/p>\n<a href='https:\/\/photos.app.goo.gl\/WPKeS9o5UXTRLyX47' class='small-button smallblue' target=\"_blank\">L&rsquo;Archive des Photos<\/a>\n<p>Photos : Tadeusz Sobolewski<\/p>\n","protected":false},"excerpt":{"rendered":"<p>50\u00e8me anniversaire de M\u00e9moire de l&rsquo;insurrection de Varsovie de Miron Bia\u0142oszewski &nbsp; La discussion des Traducteurs (Eric Veaux, Luca Bernardini, moderateurs : Piotr Sobolczyk et Anna Synoradzka) sera disponible en direct le 15 XI, 10h30 sur la chaine YouTube du Centre Scientifique &nbsp; &nbsp; Photos : Tadeusz Sobolewski<\/p>\n","protected":false},"author":57,"featured_media":9527,"comment_status":"closed","ping_status":"closed","template":"","tags":[],"mec_category":[120,200],"class_list":["post-9538","mec-events","type-mec-events","status-publish","has-post-thumbnail","hentry","mec_category-aktualnosci-fr","mec_category-science-culture-litterature"],"acf":[],"_links":{"self":[{"href":"https:\/\/paris.pan.pl\/fr\/wp-json\/wp\/v2\/mec-events\/9538","targetHints":{"allow":["GET"]}}],"collection":[{"href":"https:\/\/paris.pan.pl\/fr\/wp-json\/wp\/v2\/mec-events"}],"about":[{"href":"https:\/\/paris.pan.pl\/fr\/wp-json\/wp\/v2\/types\/mec-events"}],"author":[{"embeddable":true,"href":"https:\/\/paris.pan.pl\/fr\/wp-json\/wp\/v2\/users\/57"}],"replies":[{"embeddable":true,"href":"https:\/\/paris.pan.pl\/fr\/wp-json\/wp\/v2\/comments?post=9538"}],"wp:featuredmedia":[{"embeddable":true,"href":"https:\/\/paris.pan.pl\/fr\/wp-json\/wp\/v2\/media\/9527"}],"wp:attachment":[{"href":"https:\/\/paris.pan.pl\/fr\/wp-json\/wp\/v2\/media?parent=9538"}],"wp:term":[{"taxonomy":"post_tag","embeddable":true,"href":"https:\/\/paris.pan.pl\/fr\/wp-json\/wp\/v2\/tags?post=9538"},{"taxonomy":"mec_category","embeddable":true,"href":"https:\/\/paris.pan.pl\/fr\/wp-json\/wp\/v2\/mec_category?post=9538"}],"curies":[{"name":"wp","href":"https:\/\/api.w.org\/{rel}","templated":true}]}}

Mémoire de l&rsquo;insurrection de Varsovie de Miron Białoszewski

<p><strong>50ème anniversaire de <em>Mémoire de l&rsquo;insurrection de Varsovie </em>de Miron Białoszewski</strong></p>
<a href='https://paris.pan.pl/wp-content/uploads/2021/11/Affiche_MemoireBialoszewski.png' class='small-button smallblue'>Affiche</a>
<p>&nbsp;</p>
<p>La discussion des Traducteurs (Eric Veaux, Luca Bernardini, moderateurs : Piotr Sobolczyk et Anna Synoradzka) sera disponible en direct le 15 XI, 10h30 sur la chaine YouTube du Centre Scientifique</p>
<a href='https://www.youtube.com/watch?v=EvZ5vxFft7w' class='small-button smallblue' target="_blank">Lien en direct</a>
<p>&nbsp;</p>
<p>&nbsp;</p>
<a href='https://photos.app.goo.gl/WPKeS9o5UXTRLyX47' class='small-button smallblue' target="_blank">L&rsquo;Archive des Photos</a>
<p>Photos : Tadeusz Sobolewski</p>

<p>50ème anniversaire de Mémoire de l&rsquo;insurrection de Varsovie de Miron Białoszewski &nbsp; La discussion des Traducteurs (Eric Veaux, Luca Bernardini, moderateurs : Piotr Sobolczyk et Anna Synoradzka) sera disponible en direct le 15 XI, 10h30 sur la chaine YouTube du Centre Scientifique &nbsp; &nbsp; Photos : Tadeusz Sobolewski</p>
